{"id":405,"date":"2013-09-25T18:21:42","date_gmt":"2013-09-25T18:21:42","guid":{"rendered":"http:\/\/www.jmviajes.com.py\/?page_id=405"},"modified":"2013-09-25T18:34:01","modified_gmt":"2013-09-25T18:34:01","slug":"servicios-internacionales","status":"publish","type":"page","link":"https:\/\/www.jmviajes.com.py\/?page_id=405","title":{"rendered":"SERVICIOS INTERNACIONALES"},"content":{"rendered":"<p>CONTAMOS CON UNA AMPLIA FLOTA DE \u00d3MNIBUS DE LUJO CON M\u00c1XIMO CONFORT, COMODIDAD Y CALIDAD POR SOBRE TODO A LA HORA DE VIAJAR A PA\u00cdSES COMO: BRASIL, ARGENTINA, URUGUAY, CHILE, BOLIVIA, PER\u00da; PARA ACTIVIDADES TUR\u00cdSTICAS, ESCOLARES, DEPORTIVAS,CONGRESOS, ETC.<\/p>\n<p><img loading=\"lazy\" decoding=\"async\" class=\"aligncenter size-full wp-image-377\" alt=\"crop\" src=\"http:\/\/www.jmviajes.com.py\/wp-content\/uploads\/2012\/04\/crop.png\" width=\"940\" height=\"50\" srcset=\"https:\/\/www.jmviajes.com.py\/wp-content\/uploads\/2012\/04\/crop.png 940w, https:\/\/www.jmviajes.com.py\/wp-content\/uploads\/2012\/04\/crop-300x15.png 300w, https:\/\/www.jmviajes.com.py\/wp-content\/uploads\/2012\/04\/crop-680x36.png 680w\" sizes=\"(max-width: 940px) 100vw, 940px\" \/><\/p>\n","protected":false},"excerpt":{"rendered":"<p>CONTAMOS CON UNA AMPLIA FLOTA DE \u00d3MNIBUS DE LUJO CON M\u00c1XIMO CONFORT, COMODIDAD Y CALIDAD POR SOBRE TODO A LA HORA DE VIAJAR A PA\u00cdSES COMO: BRASIL, ARGENTINA, URUGUAY, CHILE, BOLIVIA, PER\u00da; PARA ACTIVIDADES TUR\u00cdSTICAS, ESCOLARES, DEPORTIVAS,CONGRESOS, ETC.<\/p>\n","protected":false},"author":1,"featured_media":0,"parent":0,"menu_order":0,"comment_status":"open","ping_status":"open","template":"","meta":{"footnotes":""},"class_list":["post-405","page","type-page","status-publish","hentry"],"_links":{"self":[{"href":"https:\/\/www.jmviajes.com.py\/index.php?rest_route=\/wp\/v2\/pages\/405"}],"collection":[{"href":"https:\/\/www.jmviajes.com.py\/index.php?rest_route=\/wp\/v2\/pages"}],"about":[{"href":"https:\/\/www.jmviajes.com.py\/index.php?rest_route=\/wp\/v2\/types\/page"}],"author":[{"embeddable":true,"href":"https:\/\/www.jmviajes.com.py\/index.php?rest_route=\/wp\/v2\/users\/1"}],"replies":[{"embeddable":true,"href":"https:\/\/www.jmviajes.com.py\/index.php?rest_route=%2Fwp%2Fv2%2Fcomments&post=405"}],"version-history":[{"count":2,"href":"https:\/\/www.jmviajes.com.py\/index.php?rest_route=\/wp\/v2\/pages\/405\/revisions"}],"predecessor-version":[{"id":411,"href":"https:\/\/www.jmviajes.com.py\/index.php?rest_route=\/wp\/v2\/pages\/405\/revisions\/411"}],"wp:attachment":[{"href":"https:\/\/www.jmviajes.com.py\/index.php?rest_route=%2Fwp%2Fv2%2Fmedia&parent=405"}],"curies":[{"name":"wp","href":"https:\/\/api.w.org\/{rel}","templated":true}]}}